ns digit of j?
8
Let j(n) = -n**2 + 5*n + 10. Let c be j(7). Let q be 918/c*(-112)/42. Suppose 0*d - q = -6*d. What is the units digit of d?
2
Let i = -23 - -32. Suppose 1489 = 11*q - i*q - 5*k, 0 = -q + 4*k + 749. What is the hundreds digit of q?
7
Suppose 0 = -4*j + 3*g + 9, -5 = -j + g - 4. Let p(x) = -101*x - 9. Let i be p(-7). Suppose -158 = j*a - i. What is the units digit of a?
0
Let d = 17 + -11. Suppose 2*c + 8*j - 155 = 3*j, -235 = -3*c - 5*j. Suppose d*s - c = 2*s. What is the units digit of s?
0
Let p = -22719 + 42895. What is the tens digit of p?
7
Suppose -3*y + 5*y + 4*s = 0, -3*y + s = -14. Suppose l = -3*l + 4*t + 2840, -y = t. What is the hundreds digit of l?
7
What is the units digit of (-277959)/6*(-6)/11?
9
Let q(c) = -4416*c - 8099. What is the ten thousands digit of q(-7)?
2
Let n(f) = f**3 + 10*f**2 + 19*f - 56. Let s(h) = -2*h**3 - 14*h**2 - 19*h + 55. Let j(x) = -3*n(x) - 2*s(x). What is the tens digit of j(8)?
9
Let g be (1 + 1)*22386/(-28). Let z = g - -2349. What is the tens digit of z?
5
Suppose 26506 = 36*r - 13670. Let f = -393 + r. What is the units digit of f?
3
Suppose 3*r - v + 2*v = -1096, 0 = -2*r + 3*v - 749. Let z = r + 642. What is the units digit of z?
5
Let k = -273 + 462. Suppose 2*q - 7*x = -2*x - 250, -386 = 3*q - 2*x. Let p = k + q. What is the tens digit of p?
5
Let g(o) = 57*o - 69. Let l be g(3). Suppose -l*c + 98*c = -4816. What is the tens digit of c?
0
Let n be 3 + (21 + -4)/(-1). Let l = 29 + n. Suppose l*o = 12*o + 132. What is the tens digit of o?
4
Let y = 14411 + 6376. What is the hundreds digit of y?
7
Let g be (-2)/3 - (-141)/9. Let a = -3878 + 3879. Let t = g + a. What is the tens digit of t?
1
Let h(v) = 8*v**2 - 87*v - 191. What is the tens digit of h(35)?
6
Let a = 3869 - -17445. What is the hundreds digit of a?
3
Let q(y) = y - 6. Let i be q(6). Suppose -2*d - m = -10, 25 - 5 = d + 3*m. Suppose -u + i*u = w - 206, 5*u + 405 = d*w. What is the hundreds digit of w?
2
Let d(k) = -2621*k - 739. What is the tens digit of d(-4)?
4
What is the thousands digit of (-105)/(-15) - 10 - (-6*3594)/3?
7
Let x = 53638 + -28706. What is the ten thousands digit of x?
2
Let d = 37612 + -19843. What is the hundreds digit of d?
7
Let x = -17174 + 27688. What is the ten thousands digit of x?
1
Let l(r) = r**3 - 12*r**2 + 8*r - 1. Let b be l(11). Suppose 7*g = 4*g + 246. Let w = b + g. What is the tens digit of w?
4
Let f = 32 + -27. Let j be f/(-10)*-8 + 86. What is the units digit of 4/4*-1 + j + -1?
8
Let z(h) be the second derivative of -3*h**5/20 + 17*h**4/6 - 11*h**3/6 - 5*h**2 - 10*h. What is the tens digit of z(10)?
8
Suppose 0 = 79*c - 78*c + 5*i - 23, 3*i = 2*c + 6. What is the tens digit of (-1743)/(-14)*2*(c - -2)?
4
What is the tens digit of (-983875)/100*56/(-35)?
4
Let g(n) = n**3 - 8*n**2 - 14*n + 4. Let f be g(10). Suppose 4*o - 1 = k, 0 = 2*k + 3*k + 3*o - f. What is the tens digit of k?
1
Let j(c) = -2*c + 3. Let v(u) = -u**3 + 11*u**2 + 5*u + 9. Let q be v(11). Suppose -4*h + 0*h - q = 4*l, 12 = -3*l. What is the tens digit of j(h)?
2
Suppose -2*v + 32 + 2 = 0. Suppose u - v = 3*d + 2*d, -5*u - 31 = 4*d. What is the hundreds digit of (-1*382/d)/((-2)/(-4))?
1
Suppose -114057 = -31*t + 8*t. What is the tens digit of t?
5
Suppose -34*v + 38*v = 32. Let g(w) = 9*w**2 + 4*w - 35. What is the tens digit of g(v)?
7
Let o = -5082 + 8689. What is the tens digit of o?
0
Let p = 2434 - -6272. What is the hundreds digit of p?
7
Suppose -v - 118 = -128. What is the units digit of 36/v*(-11000)/(-150)?
4
Let u(q) = 4*q - 3. Let t be u(13). Let d = t - 59. Let h(a) = a**3 + 11*a**2 - 18*a - 5. What is the hundreds digit of h(d)?
2
Suppose 3*f = -4*r + 489, 0 = -f - f + r + 315. Let z be (15/(-35))/((-5)/35). Suppose 2*v = -o + 95, -z*v + f = -4*o + 11. What is the tens digit of v?
4
Let a = 69 + -17. Let l = a - 44. Let r(f) = -f**3 + 10*f**2 + f - 19. What is the units digit of r(l)?
7
Let h(a) = 209*a**2 + 7*a - 7. Let m be h(1). Let w = -371 + m. Let n = 339 + w. What is the hundreds digit of n?
1
Let t be (-5)/((-20)/9696) - 5. Let v = -1389 + t. What is the units digit of v?
0
Let h = -3185 - -3270. What is the tens digit of h?
8
Suppose 8*j - 860 = 284. Let o = j + 100. What is the hundreds digit of o?
2
Suppose -5*x + 19263 = 2*p + 6945, 4*p + 12324 = 5*x. What is the thousands digit of x?
2
Let l = -18441 - -34106. What is the units digit of l?
5
Suppose -4*w + 6*w - 10 = 0. Suppose -w*f - 45 + 25 = 0, 5*b - 2517 = 3*f. What is the units digit of b?
1
Let v(u) = -4*u**3 - 212*u**2 + 72*u + 210. What is the tens digit of v(-55)?
5
Let i(l) = 55*l + 795. What is the tens digit of i(-6)?
6
Let w(a) = -379*a**3 - 8*a**2 - 18*a - 6. What is the tens digit of w(-2)?
3
Let w = -376 + 1095. Suppose -w = -3*j - 248. What is the tens digit of j?
5
Let k be (-36)/(-10)*-3*(-30)/36. Let b be 493/k - (2 - (-20)/(-9)). Let h = 57 + b. What is the units digit of h?
2
Suppose -j + 48 = -4*b, -2*j + 127 - 1 = -2*b. Suppose 71*r - j*r = 2223. What is the tens digit of r?
4
Let v(r) = 13*r - 18. Suppose -56 + 6 = -5*m. Let t be v(m). Suppose -5*n = -t - 208. What is the units digit of n?
4
Suppose 4*q + q + 633 = 4*t, t = 2*q + 162. Let d be (-5)/(3 - -7)*-6. Suppose -148 = -d*z + t. What is the hundreds digit of z?
1
Suppose 3*w - 4*l - 1588 = 0, 2263 = 5*w - 3*l - 358. What is the units digit of w?
0
Suppose 2*s - 16 = -94. Let j be ((-16)/6)/(26/s). Suppose -j*a = -909 + 209. What is the tens digit of a?
7
Suppose -7460*h + 7463*h = -4*y + 143710, 3*h + 3*y - 143703 = 0. What is the tens digit of h?
9
Let a = 617 + -601. Let n(b) = 80*b + 96. What is the tens digit of n(a)?
7
Let f = 86 - 82. Suppose 111 = -k + f*k. Suppose -3*y = -k - 38. What is the tens digit of y?
2
Let l(i) = -2*i**2 - 75*i - 121. Let f be l(-36). Let c(a) = -79*a + 319. What is the thousands digit of c(f)?
1
Let g be 7/4 - 9/(-36). Suppose -j - 4*n = -0*j - 19, 8 = g*n. Suppose 3*v - j*o = 225, v - 5*v - 4*o = -268. What is the tens digit of v?
7
Let b(h) = 12*h**3 - h**2 - 7*h + 10. Suppose 9*t + 281 - 317 = 0. What is the units digit of b(t)?
4
Suppose -41 = -j + 8. Suppose -2*b + 9*b + j = 0. Let f(g) = -17*g - 63. What is the tens digit of f(b)?
5
Suppose 131149 = 14*u + 7613. What is the thousands digit of u?
8
Suppose -15*l + 24 + 6 = 0. Suppose 0 = -3*p + l*q + 2091, -q + 10 = 7. What is the units digit of p?
9
Let x = -6 + 3. What is the tens digit of (-3 - -2 - x)*109/2?
0
Suppose -38*a - 24*a = -92600 - 21356. What is the hundreds digit of a?
8
Let t be 1 - 15/5 - -15. Let j be (-45)/(-6)*102/9. Suppose d = j - t. What is the tens digit of d?
7
Suppose 3*n - 152 = -t, -n + 301 = 2*t + 4*n. Suppose w + 3*c - 19 = c, -2*c = -5*w + t. Let a = 135 - w. What is the units digit of a?
8
Let z(o) = 37*o**2 - 205*o - 3784. What is the thousands digit of z(-19)?
3
Let u(j) = -j**3 - 7*j**2 - 4*j - 2. Let l be u(-7). Let v = l + -23. Suppose 125 = p - i - 4*i, -5*i - 335 = -v*p. What is the hundreds digit of p?
1
Let r = 409 - 338. Let n be 1 - (-1 - -63)*-5. Suppose -148 = -5*m + b + n, -5*b + r = m. What is the tens digit of m?
9
Let l(p) be the second derivative of p**5/20 + 8*p**4/3 + 71*p**3/6 + 11*p**2 - 43*p - 1. What is the tens digit of l(-29)?
8
Let h(k) = -3*k**3 + 15*k**2 - 5*k + 9. Let j be h(7). Let i be (j/(-48))/(1/72). Suppose -m - i = -7*m. What is the tens digit of m?
8
Suppose 2*f + 2*j - 737 = 1207, -2*f = 3*j - 1946. What is the units digit of f?
0
Let i(j) = -j**3 - 21*j**2 + 18*j + 28. Let s be (-18)/4*(-2)/(-1). Let a = s - 13. What is the units digit of i(a)?
6
Let t(y) = -41*y + 5979. What is the units digit of t(78)?
1
Suppose p = -9*k + 4*k - 63, 2*k + 2*p = -22. Suppose -c + 6*b = 10*b - 52, 4*b + 204 = 3*c. Let h = k + c. What is the tens digit of h?
5
Let j(p) be the first derivative of p**3/3 - 2*p**2 - 5*p - 3. Let l be j(6). Suppose -3*q + 3*i = -330, 118 = q + 2*i - l*i. What is the tens digit of q?
0
Suppose -2*o - 56 = -60, -5*w + 55535 = 5*o. What is the ten thousands digit of w?
1
Suppose -10*g + 6*g + m - 20 = 0, 5*g - 5*m + 10 = 0. What is the tens digit of g + (-3 - (-455)/5)?
8
Let c be (-376035)/1720 - (-3)/(-8). Let j be 392 + (-1 - -1) + -1. Let l = j + c. What is the hundreds dig